0)). What is the greatest common divisor of y and z?
15
Let d(y) = y**3 - 13*y**2 + 12*y + 1. Let a be d(12). Let m be (5 - a)/(7/140). What is the greatest common factor of m and 16?
16
Let w = -16 - -36. Let f(v) = 4*v. Let i be f(2). Calculate the highest common factor of i and w.
4
Let z = -56 + 121. Calculate the highest common factor of z and 26.
13
Let k be (-1)/(-4) - (-718)/8. Suppose 5*z - 171 = -3*g, -2*z - 2*g + g = -69. What is the highest common factor of z and k?
18
Let n = 290 - 92. Calculate the highest common factor of 6 and n.
6
Let x be (-2 - (-35)/10) + (-21)/(-2). Calculate the greatest common factor of x and 66.
6
Let k(r) = -r**2 + 8*r + 4. Let f be k(6). Suppose -4*d = -5*n - 236, -4*d = 4*n - 326 + 54. What is the greatest common factor of f and d?
16
Let u(y) = -y**2 - 7*y - 4. Let v be u(-5). Calculate the greatest common factor of 66 and v.
6
Suppose 6*i - 32 + 464 = 0. Let y be (i/(-4))/((-6)/(-8)). What is the greatest common factor of 3 and y?
3
Suppose 0 = f + 5*z - 60, 2*f - 4*z + 13 = 77. Let r = -20 + f. Calculate the highest common divisor of 50 and r.
10
Suppose 3*t - 72 = 213. Let n be ((-88)/20)/((-2)/60). Let y = n - 94. Calculate the highest common factor of t and y.
19
Let i = -83 - -178. What is the highest common factor of 38 and i?
19
Let v be 8/(-3)*(-294)/56. What is the highest common divisor of v and 7?
7
Let n = 13 - 7. Let u be 36/10*40/n. Let x(h) = -h**3 - 6*h**2 + 2*h + 1. Let p be x(-7). What is the highest common divisor of p and u?
12
Let g(q) = 2*q - 5. Let b be g(5). Suppose -b*f + 367 = 87. Calculate the highest common factor of 14 and f.
14
Suppose 3*b - 189 = -2*i, 2*i - 2*b - 171 = b. What is the greatest common divisor of i and 60?
30
Let f be (40/(-2 + 1))/(-1). Suppose -3*u + 56 = 8. What is the highest common factor of f and u?
8
Suppose -r + 5*d = r - 35, -4*r + 30 = -2*d. Suppose -2*n - 2*n = 40. Let g = -5 - n. Calculate the highest common divisor of r and g.
5
Suppose -2*g + 1 = 2*b - 11, 0 = -3*g - 2*b + 23. What is the greatest common divisor of g and 44?
11
Let f = 4 + -2. Suppose -3*w - f*w = 5*b - 40, 2*b - 16 = -w. Suppose 0*a = 5*c - 5*a - 100, 0 = c + 2*a - 32. What is the highest common factor of b and c?
8
Let l = 64 - 31. What is the highest common factor of l and 11?
11
Let n(l) = -l**2 - 12*l - 9. Let h be n(-10). Suppose 3*f + 6 + 3 = 3*i, -2*f + 3*i - h = 0. What is the highest common divisor of f and 5?
1
Let y = 23 + -11. Let q = -3 - -5. Suppose -1 = -v + q. Calculate the greatest common factor of v and y.
3
Let t(z) = 2*z**2 - 11*z - 13. Let r be t(7). Let h be 706/8 - (-2)/(-8). What is the highest common factor of h and r?
8
Suppose 0 = 6*u + 2*u - 32. What is the greatest common divisor of 4 and u?
4
Let s(k) = 26*k + 29. Let c be s(11). Calculate the highest common divisor of 45 and c.
45
Let n(r) = -r**3 - 3*r**2 + 20*r - 11. Let k be n(-7). Calculate the highest common factor of k and 315.
45
Suppose 5*v = 4*a - 9, -3 = 2*a + 3*v + 2*v. Let n be 4 - a - (1 + -3). Calculate the highest common factor of 15 and n.
5
Suppose -57 = -3*g + 4*k, 10 = 3*g - k - 38. What is the greatest common factor of 105 and g?
15
Suppose w - 5*w - 4 = 0. Let g be (11/(-4))/(w/8). Suppose -2*h - g = -122. Calculate the greatest common factor of h and 20.
10
Suppose -4*v - 6 = -5*v. Suppose 5*g + v*z - z - 85 = 0, -z = -3*g + 51. Suppose 0 = -5*i + 57 - g. What is the greatest common divisor of i and 20?
4
Suppose -m + 5*d = -29, -3*m = -0*m + 4*d - 144. What is the greatest common divisor of m and 11?
11
Suppose -2 = -3*n + 4. Let x be 4 - (4/n - 4). Let m(r) = r**2 - 5*r + 6. Let l be m(5). What is the highest common divisor of x and l?
6
Let d be 12/(-30) - 564/(-10). What is the highest common factor of 7 and d?
7
Let b be (-4)/14 - 1152/(-63). Calculate the highest common divisor of b and 3.
3
Suppose 23 + 45 = 2*h. Let g = 44 + h. What is the highest common divisor of 52 and g?
26
Let b(y) = 8*y**2 + 2*y - 5*y - y**2. Let r be b(2). Let k = 75 - 42. What is the greatest common factor of k and r?
11
Suppose -3*j + 2*i + 26 = 0, 2*i - 34 = -3*j - 12. Let f = j + -6. Let z(v) = -2*v. Let s be z(-9). What is the highest common factor of f and s?
2
Let o be ((-34)/4)/(5/(-10)). Suppose -2*u + o + 21 = 0. Calculate the highest common divisor of u and 19.
19
Suppose -3*k - 3*i = -15, 2*k + i - 9 = -k. Suppose k*t - 2*g - 104 = 24, 0 = -2*t - 2*g + 112. What is the highest common factor of t and 10?
10
Let n(a) = -5*a + 6. Let p be n(-6). Calculate the highest common factor of 72 and p.
36
Let l(y) = 6*y**2 + 7*y + 10. Let j be l(-5). Let m = -63 - -113. Calculate the greatest common factor of m and j.
25
Let t be 0/(-1) - (-2 - 0). Let n(z) = z + 5*z**3 + 4*z - 4*z**3 - 2*z - 6 - 6*z**t. Let p be n(6). Calculate the highest common divisor of p and 60.
12
Suppose 0 = -k - r + 7, -5*k = -0*r - 2*r - 56. Let v = -2 - 4. Let i(o) = o**3 + 8*o**2 + 8. Let q be i(v). Calculate the highest common factor of q and k.
10
Let h(i) = 6*i - 9. Let r be h(21). What is the highest common divisor of 78 and r?
39
Let d = -331 - -513. What is the greatest common divisor of d and 28?
14
Let a = -12 - -199. Calculate the highest common factor of 17 and a.
17
Suppose 65*a = 69*a - 44. What is the greatest common factor of a and 99?
11
Let w(z) = -5*z - 8. Let c be w(-4). What is the highest common divisor of 108 and c?
12
Suppose 0 = -2*n - 11 + 31. Suppose 34 = 2*t + n. Let h(v) = -5*v - 21. Let i be h(-9). Calculate the highest common factor of t and i.
12
Let g = 2 + 0. Let t be (-3)/g*40/(-6). Suppose 0 = x - 2*x + 4. What is the highest common factor of t and x?
2
Suppose 12*y = 8*y + 1140. Calculate the greatest common factor of y and 15.
15
Let o(k) = 10*k**2 + 6*k - 2. Let q be o(4). What is the greatest common divisor of q and 26?
26
Suppose -u + 16 = -3*k, 4*k = -0 - 20. Let r(c) = -c**2 + 3*c - 5*c + 19 - c**3 + c + u. Let z be r(0). What is the greatest common divisor of 4 and z?
4
Let u be (-74)/(-6) + (-1)/3. Suppose -4*j = -2*h - 178, -99 = -5*j - 3*h + 140. Let b = 14 + j. What is the greatest common divisor of u and b?
12
Let x = -12 + 68. Suppose -2*b = -z + x, 0 = -4*z - 4*b - b + 250. What is the highest common factor of 24 and z?
12
Suppose -5*q + 48 = -42. Let u = 1 - -1. Calculate the highest common divisor of q and u.
2
Let k = 44 + -28. What is the highest common factor of 2 and k?
2
Suppose 17*i - 9 = 14*i. Let c = -32 + 47. What is the greatest common factor of i and c?
3
Let s be 4/(-14) + 72/7. Let y(x) = x**3 + 26*x**2 + 100*x + 5. Let l be y(-5). What is the highest common factor of l and s?
10
Let x = -1 - -1. Suppose 0 = -5*s - x*l + 2*l + 35, -3*s + l + 22 = 0. What is the greatest common divisor of s and 81?
9
Suppose -v = 3*w - 45, -2*v + 121 = v - 5*w. Let c(l) = l**2 - 7*l. Let m be c(6). Let i = 0 - m. Calculate the greatest common factor of v and i.
6
Suppose -a + 3 = x, -3*x = 5*a - x - 30. Let y = 9 - 22. Let k = y + 53. What is the highest common factor of a and k?
8
Suppose 19*y + 539 = 26*y. What is the highest common factor of 11 and y?
11
Let l = -105 - -121. Calculate the greatest common factor of 40 and l.
8
Suppose -14 = -f + 2*i + 4, 3*f + 4*i - 64 = 0. Calculate the greatest common factor of f and 30.
10
Let w be -7*((-660)/525)/((-2)/(-5)). What is the highest common factor of 198 and w?
22
Let y = 19 + -17. Suppose -k - 4*u + 8 = 0, u - 1 = -y. What is the highest common factor of k and 48?
12
Let x = -38 + 73. What is the greatest common divisor of 14 and x?
7
Let x = 132 + -67. What is the greatest common factor of 13 and x?
13
Let s be (6 + -1)*(1 - -2). Suppose g = 4*g - s. What is the highest common divisor of 15 and g?
5
Suppose 0 = -13*w + 287 + 259. What is the greatest common factor of 42 and w?
42
Let g = 9 - -3. Calculate the greatest common factor of g and 12.
12
Suppose 3*d + h = 109, -5*d = -2*d - 3*h - 105. Suppose 0 = -2*y - p + 49, -5*y + 74 = -2*y + 2*p. What is the greatest common factor of y and d?
12
Suppose -5*w = -4*n - 58, 3*w + n + 5 = 33. Let m be (-12)/w*5/(-2). What is the greatest common divisor of 21 and m?
3
Let k = 68 + 121. Calculate the greatest common factor of k and 21.
21
Let h = -39 - -75. What is 